{"id":90,"date":"2012-04-26T14:12:52","date_gmt":"2012-04-26T14:12:52","guid":{"rendered":"http:\/\/www.szenenwild.de\/wordpress\/?page_id=90"},"modified":"2021-09-23T12:00:57","modified_gmt":"2021-09-23T12:00:57","slug":"arbeiten","status":"publish","type":"page","link":"http:\/\/www.szenenwild.de\/?page_id=90","title":{"rendered":"\/\/ Projekte"},"content":{"rendered":"<p><span style=\"color: #999999;\">Zus\u00e4tzlich zu den ausgew\u00e4hlten Projekte der Startseite ist hier noch einmal alles in zeitlicher Reihenfolge aufgef\u00fchrt, was in irgend einer Weise meinen kreativen Werdegang begleitet hat:<\/span><\/p>\n<hr \/>\n<p>ART DIRECTION \/ SET DESIGN:<\/p>\n<p>2019\/20 \/\/\/ <strong><a href=\"http:\/\/www.szenenwild.de\/?p=725\">THE MATRIX: Resurrections<\/a>\u00a0<\/strong> Internationaler Kinofilm _ Warner Brothers \/ Studio Babelsberg \/\/\/ Set Designer<\/p>\n<p>2019 \/\/\/ <strong><a href=\"http:\/\/www.szenenwild.de\/?p=693\">The Alienist: Angel of Darkness<\/a>\u00a0<\/strong> Limitierte Serie _ TNT \/\/\/ Set Designer<\/p>\n<p>2018 \/\/\/ <strong><a href=\"http:\/\/www.szenenwild.de\/?p=728\">Der Fall Collini<\/a>\u00a0<\/strong> Deutscher Kinofilm _\u00a0 Constantin Film \/\/\/ Art Director<br \/>\n<span style=\"color: #ffffff;\">2018 \/\/\/<\/span> <strong>Cowboy Ninja Viking<strong>\u00a0<\/strong><\/strong> Internationale Comic-Verfilmung *Projekt eingestellt* _ Universal Pictures \/\/\/ Set Designer _ Technische Zeichnungen<br \/>\n<span style=\"color: #ffffff;\">2018 \/\/\/<\/span> <strong>SCHWESTERHERZ<strong>\u00a0 <\/strong><\/strong>Pitch f\u00fcr TV-Serie\u00a0 _ Lex Nelson Mediapool \/\/\/ Set Designer _ Studiobau<\/p>\n<p>2017\/18 \/\/\/ <strong><a href=\"http:\/\/www.szenenwild.de\/?p=731\">Girl In The Spiders Web<\/a><strong>\u00a0 <\/strong><\/strong>Buch-Verfilmung nach Stieg Larsson\u00a0 _ Sony Pictures \/ Studio Babelsberg \/\/\/ Set Designer _ Technische Zeichnungen<\/p>\n<p>2017 \/\/\/ <strong><a title=\"Berlin Station \/ Season 2\" href=\"http:\/\/www.szenenwild.de\/?p=603\">Berlin Station<\/a><strong> \u00a0 <\/strong><\/strong>Spionage-Serie _ Epix \/\/\/ Set Designer _ Technische Zeichnungen<\/p>\n<p>2016 \/\/\/ <strong><a title=\"Radegund (AT)\" href=\"http:\/\/www.szenenwild.de\/?p=585\">Radegund<\/a><strong> \u00a0 <\/strong><\/strong>Internationaler Kinofilm\u00a0 _ Studio Babenlberg \/\/\/ Ass. Art Director _ Technische Zeichnungen, Bauleitung &amp; Betreuung Deutscher Dreh<br \/>\n<span style=\"color: #ffffff;\">2016 \/\/\/<\/span><strong><strong> INVERSION \u00a0 <\/strong><\/strong>Internationaler Kinofilm *Projekt eingestellt* _ Studio Babelsberg \/\/\/ Set Designer _ Modellbau &amp; Technische Zeichnungen<\/p>\n<p>2015\/16 \/\/\/ <strong><a title=\"Vier Gegen Die Bank\" href=\"http:\/\/www.szenenwild.de\/?p=563\">Vier Gegen Die Bank<\/a><\/strong> \u00a0 Deutscher Kinofilm\u00a0 _ Hellinger\/Doll Filmproduktion \/\/\/ Set Designer _ Modellbau &amp; Technische Zeichnungen<\/p>\n<p>2015 \/\/\/<strong><strong><a title=\"Captain America: Civil War\" href=\"http:\/\/www.szenenwild.de\/?p=557\"> Captain America: Civil War<\/a> \u00a0 <\/strong><\/strong>Internationaler Kinofilm\u00a0 _ Marvel \/\/\/ Junior Draftsperson &amp; Art Dep. Ass _ Technische Zeichnungen<\/p>\n<p>2014 \/\/\/ <a title=\"AGENT 47\" href=\"http:\/\/www.szenenwild.de\/?p=430\"><strong><strong>Agent 47<\/strong><\/strong><\/a>\u00a0\u00a0 Internationaler Kinofilm\u00a0 _ FOX International Filmproduction (Germany) \/\/\/ Art Dep. Assistant _ Modellbau &amp; Technische Zeichnungen<\/p>\n<p>2013 \/\/\/<strong><strong> REYKJAVIK\u00a0\u00a0 <\/strong><\/strong>Internationaler Kinofilm *Projekt eingestellt* _ Senator Film \/\/\/ Art Dep. Assistant _ Modellbau &amp; Technische Zeichnungen<\/p>\n<p>2012 \/\/\/<a title=\"A MOST WANTED MAN\" href=\"http:\/\/www.szenenwild.de\/?p=387\"><strong> A Most Wanted Man<\/strong><\/a>\u00a0\u00a0 Internationaler Kinofilm _ Amusement Park Films\/Potboiler Productions\/The Ink Factory \/\/\/ Trainee _ Modellbau &amp; Technische Zeichnungen<\/p>\n<p>2010 \/\/\/ <strong><a title=\"Der Sandmann\" href=\"http:\/\/www.szenenwild.de\/?p=144\">Der Sandmann<\/a><\/strong>\u00a0\u00a0 mittellanger Spielfilm _ 45 min _ Filmakademie \/ FFL \/ ZDFtheaterkanal _ Art Director<\/p>\n<hr \/>\n<p>SZENENBILD:<\/p>\n<p>2017 \/\/\/ <a title=\"Smart \u2013 WOUNDS\" href=\"http:\/\/www.szenenwild.de\/?p=614\"><strong>Smart &#8211; Wunden<\/strong><\/a>\u00a0 Goldidee-Werbespot\u00a0 _\u00a0 60 sek\u00a0 _ filmdeluxe Berlin<\/p>\n<p>2016 \/\/\/ <a title=\"VEVO Lift : Adesse\" href=\"http:\/\/www.szenenwild.de\/?p=568\"><strong>VEVO Lift : Adesse<\/strong> <\/a>\u00a0 Performance-Clips\u00a0 _\u00a0 3-4 min _ VEVO Germany GmbH<\/p>\n<p>2014 \/\/\/ <strong>Armin (AT)<\/strong> \u00a0 Kurzfilm _\u00a0 10 min _ dffb Berlin<\/p>\n<p>2013 \/\/\/ <strong><a title=\"HomeSick\" href=\"http:\/\/www.szenenwild.de\/?p=427\">HomeSick<\/a><\/strong> \u00a0 Psycho-Thriller _\u00a0 90 min _ mojo:pictures Filmproduktion<\/p>\n<p>2012 \/\/\/ <strong><a title=\"LEFTOVERS\" href=\"http:\/\/www.szenenwild.de\/?p=146\">Leftovers<\/a><\/strong>\u00a0\u00a0 Medizin-Serie _ Pilotfolge _ 20 min _ Filmakademie<\/p>\n<p>2011 \/\/\/ <strong><a title=\"Pinocchio\u2019s No Strings Attached\" href=\"http:\/\/www.szenenwild.de\/?p=53\">Pinocchio&#8217;s No Strings Attached<\/a><\/strong>\u00a0\u00a0 Branded Short _ 4 min _ Filmakademie<br \/>\n<span style=\"color: #ffffff;\">2011 \/\/\/<\/span> <strong><a title=\"Leichenstarr\" href=\"http:\/\/www.szenenwild.de\/?p=101\">Leichenstarr<\/a><\/strong>\u00a0\u00a0 Kurzfilm _ 27 min _ Filmakademie<br \/>\n<span style=\"color: #ffffff;\">2011 \/\/\/<\/span> <strong><a title=\"SKY Bundesliga\" href=\"http:\/\/www.szenenwild.de\/?p=7\">SKY Bundesliga<\/a><\/strong>\u00a0\u00a0 Werbung _ 60 sek _ Filmakademie<\/p>\n<p>2010 \/\/\/ <strong><a title=\"Bambule\" href=\"http:\/\/www.szenenwild.de\/?p=5\">Bambule<\/a><\/strong>\u00a0\u00a0 Kurzfilm _ 15 min _ Filmakademie<\/p>\n<hr \/>\n<p>SZENENBILDASSISTENZ \/ SET DECORATION:<\/p>\n<p>2017 \/\/\/ <strong>SAMSUNG &#8211; Charger<\/strong> <strong>\/ Battery Pack<\/strong> Werbespot (<a href=\"https:\/\/www.youtube.com\/watch?v=MGeTgPhqta8\">auf youtube ansehen<\/a>) _\u00a0 Markenfilm Hamburg \/\/\/ Szenenbildassistenz, Grafik<br \/>\n<span style=\"color: #ffffff;\">2017 \/\/\/<\/span> <strong>CHIVAS Win The Right Way <\/strong>(<a href=\"https:\/\/www.youtube.com\/watch?v=WrhOTRSr3RI\">auf youtube ansehen<\/a>)\u00a0 Werbespot\u00a0 _\u00a0\u00a0Katapult Filmproduktion GmbH \/\/\/ Szenenbildassistenz<\/p>\n<p>2015 \/\/\/ <strong><a title=\"Familie Braun\" href=\"http:\/\/www.szenenwild.de\/?p=536\">Familie Braun<\/a><\/strong>\u00a0 8-teilige Miniserie\u00a0 _\u00a0Polyphon Film- und Fernsehgesellschaft mbH \/ ZDF \/ Youtube \/\/\/ Szenenbildassistenz _ Set Decoration<\/p>\n<p>2014 \/\/\/ <strong><a title=\"Der Fall B.\" href=\"http:\/\/www.szenenwild.de\/?p=511\">Der Fall Barschel<\/a><\/strong>\u00a0 2-teiliger Fernsehfilm\u00a0 _ Zeitsprung Pictures \/\/\/ Szenenbildassistenz _ Recherche, Set Decoration &amp; Organisation<\/p>\n<hr \/>\n<p>MODELLBAU:<\/p>\n<p><strong><strong>THE BUSINESS MAN<\/strong> <\/strong>\/\/\/ 2013 \/\/\/ Internationaler Kinofilm<br \/>\n<strong><strong>Grisport<\/strong> <\/strong>\/\/\/ 2013 \/\/\/ Ladeneinrichtung<\/p>\n<hr \/>\n<p>SONSTIGES:<strong><br \/>\n<\/strong><a title=\"Das Apartment - Webisode - Facebook\" href=\"https:\/\/www.facebook.com\/webisodeberlin\" target=\"_blank\" rel=\"noopener\"><strong><strong><strong><br \/>\nDas Apartment<\/strong><\/strong><\/strong><\/a>\u00a0 \/\/\/ 2014+15 \/\/\/ Webserie _\u00a0Almeida\/Kind GbR \/\/\/ 4 Episoden: Au\u00dfen- &amp; Innenrequisite, Set Dec<strong><strong><br \/>\nZEITFENSTER<\/strong> <\/strong>\/\/\/ 2013 + \/\/\/ App _ Zeitfenster Gbr \/\/\/ Content-Kuratorin, Text und Recherche<strong><br \/>\n<strong><strong>Werbespot<\/strong> BVR <\/strong><\/strong>\/\/\/ 2013\u00a0 \/\/\/ Cobblestone Filmproduktion _ Szenenbild: Yesim Zolan \/\/\/ Technische Zeichnungen, Assistenz<strong><br \/>\n<\/strong><strong>Bissige Hunde<\/strong> \/\/\/ 2011 \/\/\/ Spielfilm _ Filmakademie Baden-W\u00fcrttemberg _ Wiedemann &amp; Berg \/\/\/ Baub\u00fchne<br \/>\n<strong>Augen Zu<\/strong>\u00a0 \/\/\/ 2010 \/\/\/ Kurzfilm _ Filmakademie Baden-W\u00fcrttemberg \/\/\/ Innenrequisite<br \/>\n<strong>Schwarz<\/strong> \/\/\/ 2009 \/\/\/ Kurzfilm _ Filmakademie Baden-W\u00fcrttemberg \/\/\/ Innenrequisite<br \/>\n<strong>The Night Father Christmas Died<\/strong>\u00a0 \/\/\/ 2009 \/\/\/ Kurzfilm _ Filmakademie Baden-W\u00fcrttemberg \/\/\/ Innenrequisite<br \/>\n<strong>MediaLounge<\/strong> \/\/\/ 2009 &amp; 2010 \/\/\/ TV-Talkshow _ Hochschule der Medien \/\/\/ B\u00fchnenbild-Assistenz &amp; B\u00fchnenbild<br \/>\n<strong><strong>ZikZak <\/strong><\/strong>\/\/\/ 2008 \/\/\/ integriertes Messeprojekt auf dem IdeenPark Stuttgart _ Hochschule der Medien _ Milla &amp; Partner \/\/\/ Konzept &amp; Grafik<strong><br \/>\n<\/strong><\/p>\n","protected":false},"excerpt":{"rendered":"<p>Zus\u00e4tzlich zu den ausgew\u00e4hlten Projekte der Startseite ist hier noch einmal alles in zeitlicher Reihenfolge&#8230;<\/p>\n","protected":false},"author":1,"featured_media":0,"parent":0,"menu_order":0,"comment_status":"open","ping_status":"open","template":"page-template-fullwidth.php","meta":[],"_links":{"self":[{"href":"http:\/\/www.szenenwild.de\/index.php?rest_route=\/wp\/v2\/pages\/90"}],"collection":[{"href":"http:\/\/www.szenenwild.de\/index.php?rest_route=\/wp\/v2\/pages"}],"about":[{"href":"http:\/\/www.szenenwild.de\/index.php?rest_route=\/wp\/v2\/types\/page"}],"author":[{"embeddable":true,"href":"http:\/\/www.szenenwild.de\/index.php?rest_route=\/wp\/v2\/users\/1"}],"replies":[{"embeddable":true,"href":"http:\/\/www.szenenwild.de\/index.php?rest_route=%2Fwp%2Fv2%2Fcomments&post=90"}],"version-history":[{"count":75,"href":"http:\/\/www.szenenwild.de\/index.php?rest_route=\/wp\/v2\/pages\/90\/revisions"}],"predecessor-version":[{"id":755,"href":"http:\/\/www.szenenwild.de\/index.php?rest_route=\/wp\/v2\/pages\/90\/revisions\/755"}],"wp:attachment":[{"href":"http:\/\/www.szenenwild.de\/index.php?rest_route=%2Fwp%2Fv2%2Fmedia&parent=90"}],"curies":[{"name":"wp","href":"https:\/\/api.w.org\/{rel}","templated":true}]}}